p) = 6*p - 8. Let f be g(q). Calculate the highest common divisor of 4 and f.
4
Suppose -219 - 51 = -5*j. Let f = -44 + 43. Let r = 7 + f. What is the highest common factor of r and j?
6
Let l(j) = -10*j + 2. Let d be l(-2). Calculate the highest common divisor of d and 638.
22
Suppose -16*r - 4*n + 1122 = -14*r, r - 5*n - 554 = 0. Calculate the highest common divisor of 43 and r.
43
Let u be 11/(-11) + 466 + 0. What is the highest common factor of 15 and u?
15
Suppose 184*o = 187*o - 336. Calculate the greatest common factor of o and 24.
8
Let p be (5/(-10))/(2/(-792)). Suppose 3*a - 281 = 5*n, 2*n = -2*a - a - 104. Let t = 88 + n. Calculate the greatest common factor of t and p.
33
Suppose -5*z - 128 = -9*z. Suppose 0 = -7*a + 8*a - z. Let r = a - -111. What is the greatest common factor of 13 and r?
13
Let m(d) = 69*d**2 + 2*d + 2. Let v be m(-1). Let x = -29 + v. What is the greatest common divisor of x and 60?
20
Suppose 119 = 2*v - v. Suppose 2*y + 30 = 112. Let k = y - 24. Calculate the greatest common divisor of k and v.
17
Suppose 4*f + 114 = 5*v + f, 4*f = -2*v + 56. Let p be -1 - 650/15*-3. Let q = p - 113. Calculate the greatest common divisor of q and v.
8
Let i be (-4)/2*(-193 + 13). Let v = -3 + 7. Suppose -v*b + b = -i. What is the highest common divisor of b and 15?
15
Suppose 62*t - 66*t + 400 = 0. What is the greatest common factor of t and 25?
25
Suppose -1798 + 1473 = -5*v. Calculate the highest common divisor of 442 and v.
13
Let p(k) = 5*k**2 - 9*k + 8. Let s be p(1). Let f = -6 + 9. Let a = -2 + f. What is the greatest common divisor of a and s?
1
Let w = 2 - -5. Let h be w/(42/18) + 29 + 1. What is the highest common divisor of h and 22?
11
Suppose 0 = -4*c + 3*c + 3. Suppose 0 = 6*n - 3*n - 3*j - 69, -n - c*j = -27. Calculate the greatest common factor of n and 8.
8
Let b = 2175 - 2105. Let k(c) = 3*c**3 - 3*c**2 + c. Suppose 5 + 5 = 5*g. Let m be k(g). What is the greatest common divisor of m and b?
14
Let g(f) = 123*f**2 - 5*f + 6. Let x be g(1). Calculate the highest common factor of 155 and x.
31
Suppose i - w = 2*w - 2, -3*w + 3 = 0. Suppose 0*v - 12 = 3*v, -3*f - 2*v + 82 = 0. Let g = -29 + f. What is the greatest common divisor of g and i?
1
Let x(y) = 21*y**2 + 3*y + 4. Suppose 1 = g - 2. Suppose g*f + o = 16, -5*o + 28 = f + f. Let r be x(f). Calculate the greatest common factor of 32 and r.
32
Let z(q) = -q**3 - 8*q**2 - 9*q - 10. Let b be z(-7). Let k be b/(-18) - 7194/(-297). Calculate the highest common divisor of k and 312.
24
Let k be (-5)/2*2/(-5) + 1. Let w be -2 - k - (-108)/3. Calculate the highest common factor of w and 48.
16
Suppose 4*s = -x + 7, -x = -0*s - 3*s + 7. Suppose -s*t - 72 = -4*t. Let y = 99 + -45. Calculate the highest common divisor of t and y.
18
Suppose 33*t - 28*t - 4*c - 155 = 0, 3*t - 95 = 2*c. Calculate the greatest common factor of t and 45.
5
Let u(y) = -y**2 - 4*y - 3. Let p(o) = -o**2 - 8*o - 6. Let r(i) = 3*p(i) - 5*u(i). Let s be r(-4). Calculate the highest common factor of s and 18.
9
Let a = -15 - -74. Suppose -x - 3*l = -12 + 4, -4*l = -5*x + a. Let d be (-4)/6 - 134/(-3). What is the greatest common factor of d and x?
11
Let w(c) = 11*c + 1. Let z be w(3). Let r = z + -22. Calculate the greatest common divisor of 36 and r.
12
Suppose -6*m = -964 + 280. Calculate the greatest common divisor of m and 285.
57
Suppose 39*a - 3822 = 4095. Calculate the greatest common divisor of a and 7.
7
Suppose -4*r = -275 + 67. Let s(n) = -n**2 - 8*n + 12. Let l be s(-7). Suppose l*d - 17*d - 26 = 0. What is the highest common divisor of d and r?
13
Let d be (48/9)/(56/84). Calculate the greatest common factor of d and 464.
8
Suppose -p + 383 = 2*p + m, 0 = p - 4*m - 132. Let d be p - 1 - 3/1. Suppose -b = 0, -3*a - 4*b + 11 + d = 0. What is the greatest common divisor of 5 and a?
5
Let u be 3/(-9) + 416/120*5. What is the greatest common factor of 391 and u?
17
Suppose -4*z + 130 = 2*i, 7*z - 4*z - 87 = -5*i. Calculate the highest common factor of 391 and z.
17
Suppose x + 9 + 123 = 2*y, 0 = 3*x. Let a = y + -56. Calculate the highest common factor of 50 and a.
10
Suppose -7*q + 56 = -0*q. Let u be 84/1*12/14. What is the greatest common divisor of q and u?
8
Let h(s) = 3*s**2 - 6*s + 7. Let v be 2/(20/(-6) + 4). Let g be h(v). What is the highest common divisor of 144 and g?
16
Let m = 104 - 56. Let f be (-13 - -9 - 5)*16/(-9). Calculate the highest common divisor of m and f.
16
Suppose -82 = -6*q - 16. Let r be 1/2*22*1. What is the greatest common divisor of q and r?
11
Suppose -10*m + 322 + 5738 = 0. Suppose -y + 1 = -2*y, -5*w + m = -y. What is the greatest common factor of 11 and w?
11
Suppose 6*v - 2*v = -4*o + 1056, -2*v = -8. Calculate the highest common divisor of 156 and o.
52
Suppose -3*m + 8*m = -2*o - 21, -4*m = -2*o + 6. Let n be 3 + 5 - o/(-3). What is the highest common factor of n and 7?
7
Let o = 28 + -20. Suppose o*w - 27 = 5*w. Calculate the highest common factor of w and 1.
1
Let v(y) be the first derivative of -y**4/4 - 5*y**3/3 + 11*y**2/2 + 15*y + 6. Let p be v(-7). Calculate the greatest common divisor of p and 54.
18
Let i(s) = -s**3 - 51*s**2 - 97*s + 90. Let a be i(-49). What is the greatest common factor of 287 and a?
41
Suppose 0*v = -2*v + 24. Let p = 219 + -207. Calculate the greatest common divisor of v and p.
12
Let f(v) = 48*v - 366. Let z be f(9). Suppose 5*c = b - 6, 5*c + 28 = b + 2*b. Calculate the greatest common factor of b and z.
11
Suppose 4*s = -2*v + v + 294, 296 = v + 5*s. Suppose 0 = -2*u + 4*u - v. Suppose -52 = -9*o + 5*o. Calculate the greatest common divisor of o and u.
13
Let r = 960 + -920. Let k(q) = 15*q**2 + q - 2. Let d be k(2). What is the greatest common factor of r and d?
20
Let y be (-28)/(-378) + (-2912)/(-54). Calculate the greatest common divisor of y and 198.
18
Let b be (-2 + 7/5)/(2/(-10)). Suppose -2*o + 269 = 3*n - 0*o, n = 2*o + 103. Suppose b*h = -33 + n. What is the highest common divisor of h and 80?
20
Let r(b) = b**2 - 3*b - 160. Let k be r(-23). Calculate the greatest common factor of k and 73.
73
Let f be (4/(-3))/((-18)/54). Suppose -676 = -3*w - f*i, -675 = 2*w - 5*w - 3*i. Let u = 57 + -25. What is the greatest common divisor of w and u?
32
Suppose 0 = -4*k + 459 + 513. Let h = -124 - -128. Suppose h*m - 34 = -2*g, -2*m - 86 = -3*g - m. What is the highest common factor of g and k?
27
Let i(g) = 2*g**3 + 21*g**2 + 23*g + 9. Let m be i(-9). Calculate the greatest common divisor of m and 1440.
45
Let a = -556 - -1720. Calculate the greatest common divisor of 12 and a.
12
Let n be (-6)/18*3 + 19. Suppose 4*d + 5*r = 340, 3*d - 3*r = 67 + 215. Calculate the greatest common divisor of n and d.
18
Let p(n) = 34*n + 37. Let j be p(7). Suppose -2*i - j = -7*i. What is the greatest common divisor of i and 5?
5
Let a(w) be the second derivative of w**4 + w**3/3 + w**2 - 11*w. Suppose -q = -3*q - 6. Let o be a(q). Calculate the greatest common divisor of 13 and o.
13
Suppose -98 - 155 = -11*y. What is the highest common factor of y and 161?
23
Suppose -4*l - 11*q + 6*q = -111, 33 = l + 3*q. Let p(v) = -11*v + 10. Let i be p(-10). Suppose -l = h - i. What is the highest common factor of h and 24?
24
Let z(v) = 6*v**2 + 6*v + 7. Let t be z(-6). Let f be 36/10 + -4 - 261/(-15). What is the highest common divisor of f and t?
17
Let k(b) be the first derivative of b**4/4 - 3*b**2/2 - 3*b - 2. Let f be k(-2). Let r be (0 + -5)*8/f. Calculate the highest common factor of r and 20.
4
Suppose -5 = -2*d + 3. Let p(y) = 8*y + 72. Let m be p(-8). What is the greatest common divisor of d and m?
4
Let x be 41/(-3)*(1980/(-11))/5. What is the highest common factor of 4 and x?
4
Let j(u) = 5*u**2 + 20*u + 8. Let o be j(-8). Calculate the highest common factor of 14 and o.
14
Let v(c) = 2*c**2 - 3*c - 7. Let z be v(-3). Let y = z + -10. Calculate the highest common divisor of y and 40.
10
Let y be (8/16)/(1/10). Suppose y*d - 85 = -5. Calculate the greatest common factor of d and 12.
4
Let g = 68 - 64. Let i be (-10 - -12 - g/2) + 22. Calculate the greatest common factor of 11 and i.
11
Let u = -171 - -281. Let v be ((-12)/(-24))/(2/(-280)). Let t = 114 + v. What is the greatest common divisor of t and u?
22
Let t(p) = 503*p*